{"id":296,"date":"2024-01-26T08:41:37","date_gmt":"2024-01-26T11:41:37","guid":{"rendered":"https:\/\/complementum.ind.br\/denuncia\/?page_id=296"},"modified":"2024-03-11T20:04:06","modified_gmt":"2024-03-11T23:04:06","slug":"home","status":"publish","type":"page","link":"https:\/\/www.complementum.ind.br\/denuncia\/","title":{"rendered":"Home"},"content":{"rendered":"\t\t<div data-elementor-type=\"wp-page\" data-elementor-id=\"296\" class=\"elementor elementor-296\">\n\t\t\t\t<div class=\"elementor-element elementor-element-366d82b e-flex e-con-boxed e-con e-parent\" data-id=\"366d82b\" data-element_type=\"container\" data-settings=\"{&quot;background_background&quot;:&quot;classic&quot;}\">\n\t\t\t\t\t<div class=\"e-con-inner\">\n\t\t<div class=\"elementor-element elementor-element-ced39a5 e-con-full e-flex e-con e-child\" data-id=\"ced39a5\" data-element_type=\"container\">\n\t\t\t\t<\/div>\n\t\t<div class=\"elementor-element elementor-element-0e56dde e-con-full e-flex e-con e-child\" data-id=\"0e56dde\" data-element_type=\"container\">\n\t\t<div class=\"elementor-element elementor-element-09d4590 e-con-full e-flex e-con e-child\" data-id=\"09d4590\" data-element_type=\"container\" data-settings=\"{&quot;background_background&quot;:&quot;classic&quot;}\">\n\t\t\t\t<div class=\"elementor-element elementor-element-67224cc elementor-widget elementor-widget-heading\" data-id=\"67224cc\" data-element_type=\"widget\" data-widget_type=\"heading.default\">\n\t\t\t\t<div class=\"elementor-widget-container\">\n\t\t\t\t\t<h1 class=\"elementor-heading-title elementor-size-default\">\nCanal de Conduta \u00c9tica\n<\/h1>\t\t\t\t<\/div>\n\t\t\t\t<\/div>\n\t\t\t\t<div class=\"elementor-element elementor-element-58c4eae elementor-widget__width-initial elementor-widget elementor-widget-text-editor\" data-id=\"58c4eae\" data-element_type=\"widget\" data-widget_type=\"text-editor.default\">\n\t\t\t\t<div class=\"elementor-widget-container\">\n\t\t\t\t\t\t\t\t\t<p>Bem-vindo ao Canal de Conduta \u00c9tica da Complementum. Este \u00e9 um ambiente seguro e confidencial.<\/p><p>Atrav\u00e9s desse canal todos os colaboradores e o p\u00fablico externo podem reportar poss\u00edveis viola\u00e7\u00f5es das leis do nosso pa\u00eds, do C\u00f3digo de Conduta \u00c9tica, bem como, de pol\u00edticas e procedimentos internos. Garantimos total anonimato para aqueles que desejam preservar sua identidade.<\/p><p>Ao fazer uma den\u00fancia, por favor, anote o n\u00famero de protocolo gerado no final do processo. Para acompanhar o andamento da sua den\u00fancia, utilize este formul\u00e1rio digital ou procure diretamente o setor de Compliance.<\/p><p>Agradecemos a sua colabora\u00e7\u00e3o em manter um ambiente \u00e9tico e \u00edntegro na Complementum.<\/p>\t\t\t\t\t\t\t\t<\/div>\n\t\t\t\t<\/div>\n\t\t<div class=\"elementor-element elementor-element-516efbe e-flex e-con-boxed e-con e-child\" data-id=\"516efbe\" data-element_type=\"container\">\n\t\t\t\t\t<div class=\"e-con-inner\">\n\t\t\t\t<div class=\"elementor-element elementor-element-978de58 elementor-widget elementor-widget-button\" data-id=\"978de58\" data-element_type=\"widget\" data-widget_type=\"button.default\">\n\t\t\t\t<div class=\"elementor-widget-container\">\n\t\t\t\t\t\t\t\t\t<div class=\"elementor-button-wrapper\">\n\t\t\t\t\t<a class=\"elementor-button elementor-button-link elementor-size-md\" href=\"https:\/\/complementum.ind.br\/denuncia\/enviar-denuncia\/\">\n\t\t\t\t\t\t<span class=\"elementor-button-content-wrapper\">\n\t\t\t\t\t\t<span class=\"elementor-button-icon\">\n\t\t\t\t<svg aria-hidden=\"true\" class=\"e-font-icon-svg e-fas-comment\" viewBox=\"0 0 512 512\" xmlns=\"http:\/\/www.w3.org\/2000\/svg\"><path d=\"M256 32C114.6 32 0 125.1 0 240c0 49.6 21.4 95 57 130.7C44.5 421.1 2.7 466 2.2 466.5c-2.2 2.3-2.8 5.7-1.5 8.7S4.8 480 8 480c66.3 0 116-31.8 140.6-51.4 32.7 12.3 69 19.4 107.4 19.4 141.4 0 256-93.1 256-208S397.4 32 256 32z\"><\/path><\/svg>\t\t\t<\/span>\n\t\t\t\t\t\t\t\t\t<span class=\"elementor-button-text\">Enviar Den\u00fancia<\/span>\n\t\t\t\t\t<\/span>\n\t\t\t\t\t<\/a>\n\t\t\t\t<\/div>\n\t\t\t\t\t\t\t\t<\/div>\n\t\t\t\t<\/div>\n\t\t\t\t<div class=\"elementor-element elementor-element-2c1831c elementor-widget elementor-widget-button\" data-id=\"2c1831c\" data-element_type=\"widget\" data-widget_type=\"button.default\">\n\t\t\t\t<div class=\"elementor-widget-container\">\n\t\t\t\t\t\t\t\t\t<div class=\"elementor-button-wrapper\">\n\t\t\t\t\t<a class=\"elementor-button elementor-button-link elementor-size-md\" href=\"https:\/\/complementum.ind.br\/denuncia\/buscar-denuncia\/\">\n\t\t\t\t\t\t<span class=\"elementor-button-content-wrapper\">\n\t\t\t\t\t\t<span class=\"elementor-button-icon\">\n\t\t\t\t<svg aria-hidden=\"true\" class=\"e-font-icon-svg e-fas-search\" viewBox=\"0 0 512 512\" xmlns=\"http:\/\/www.w3.org\/2000\/svg\"><path d=\"M505 442.7L405.3 343c-4.5-4.5-10.6-7-17-7H372c27.6-35.3 44-79.7 44-128C416 93.1 322.9 0 208 0S0 93.1 0 208s93.1 208 208 208c48.3 0 92.7-16.4 128-44v16.3c0 6.4 2.5 12.5 7 17l99.7 99.7c9.4 9.4 24.6 9.4 33.9 0l28.3-28.3c9.4-9.4 9.4-24.6.1-34zM208 336c-70.7 0-128-57.2-128-128 0-70.7 57.2-128 128-128 70.7 0 128 57.2 128 128 0 70.7-57.2 128-128 128z\"><\/path><\/svg>\t\t\t<\/span>\n\t\t\t\t\t\t\t\t\t<span class=\"elementor-button-text\">Consultar Den\u00fancia<\/span>\n\t\t\t\t\t<\/span>\n\t\t\t\t\t<\/a>\n\t\t\t\t<\/div>\n\t\t\t\t\t\t\t\t<\/div>\n\t\t\t\t<\/div>\n\t\t\t\t\t<\/div>\n\t\t\t\t<\/div>\n\t\t\t\t<\/div>\n\t\t\t\t<\/div>\n\t\t<div class=\"elementor-element elementor-element-9c9968b e-con-full e-flex e-con e-child\" data-id=\"9c9968b\" data-element_type=\"container\">\n\t\t\t\t<\/div>\n\t\t\t\t\t<\/div>\n\t\t\t\t<\/div>\n\t\t\t\t<\/div>\n\t\t","protected":false},"excerpt":{"rendered":"<p>Canal de Conduta \u00c9tica Bem-vindo ao Canal de Conduta \u00c9tica da Complementum. Este \u00e9 um ambiente seguro e confidencial. Atrav\u00e9s desse canal todos os colaboradores e o p\u00fablico externo podem reportar poss\u00edveis viola\u00e7\u00f5es das leis do nosso pa\u00eds, do C\u00f3digo de Conduta \u00c9tica, bem como, de pol\u00edticas e procedimentos internos. Garantimos total anonimato para aqueles [&hellip;]<\/p>\n","protected":false},"author":1,"featured_media":0,"parent":0,"menu_order":0,"comment_status":"closed","ping_status":"closed","template":"","meta":{"footnotes":""},"class_list":["post-296","page","type-page","status-publish","hentry"],"_links":{"self":[{"href":"https:\/\/www.complementum.ind.br\/denuncia\/wp-json\/wp\/v2\/pages\/296","targetHints":{"allow":["GET"]}}],"collection":[{"href":"https:\/\/www.complementum.ind.br\/denuncia\/wp-json\/wp\/v2\/pages"}],"about":[{"href":"https:\/\/www.complementum.ind.br\/denuncia\/wp-json\/wp\/v2\/types\/page"}],"author":[{"embeddable":true,"href":"https:\/\/www.complementum.ind.br\/denuncia\/wp-json\/wp\/v2\/users\/1"}],"replies":[{"embeddable":true,"href":"https:\/\/www.complementum.ind.br\/denuncia\/wp-json\/wp\/v2\/comments?post=296"}],"version-history":[{"count":223,"href":"https:\/\/www.complementum.ind.br\/denuncia\/wp-json\/wp\/v2\/pages\/296\/revisions"}],"predecessor-version":[{"id":1680,"href":"https:\/\/www.complementum.ind.br\/denuncia\/wp-json\/wp\/v2\/pages\/296\/revisions\/1680"}],"wp:attachment":[{"href":"https:\/\/www.complementum.ind.br\/denuncia\/wp-json\/wp\/v2\/media?parent=296"}],"curies":[{"name":"wp","href":"https:\/\/api.w.org\/{rel}","templated":true}]}}